{"id":2164,"date":"2022-07-29T13:41:59","date_gmt":"2022-07-29T16:41:59","guid":{"rendered":"https:\/\/www.bumbumdepanoeco.com.br\/?post_type=product&#038;p=2164"},"modified":"2023-11-07T16:44:40","modified_gmt":"2023-11-07T19:44:40","slug":"absorvente-de-moletom-4-camadas-copia","status":"publish","type":"product","link":"https:\/\/www.bumbumdepanoeco.com.br\/index.php\/product\/absorvente-de-moletom-4-camadas-copia\/","title":{"rendered":"Absorvente de Moletom 8 camadas"},"content":{"rendered":"<p>Moletom 50% algod\u00e3o &#8211; 50% poli\u00e9ster<\/p>\n<p>gramatura 300gm<\/p>\n<p>tamanho aberto aprox. 34&#215;54<\/p>\n<p>tamanho dobrado aprox. 34&#215;13,5<\/p>\n<p>valor unit\u00e1rio, aproveite nossos kits promocionais com desconto.<\/p>\n","protected":false},"excerpt":{"rendered":"<p>Absorvente de \u00f3tima absor\u00e7\u00e3o e boa reten\u00e7\u00e3o, tem 2 camadas costuradas que dobrado em 4 ficam com 8 camadas.<\/p>\n<p>Tem toque seco, usados dentro ou fora do bolso n\u00e3o ir\u00e3o incomodar o beb\u00ea.<\/p>\n<p>8 camadas \u00e9 recomendado para uso noturno de 3 meses at\u00e9 8, diurno apartir de 1 anos e quando n\u00e3o segurar mais sozinho \u00e9 preciso refor\u00e7a-lo com 4 ou 6 Camadas, ele pode ser usado em combina\u00e7\u00f5es noturnas com 4, 6, 8 ou mais camadas depende da idade do beb\u00ea.<\/p>\n","protected":false},"featured_media":1382,"comment_status":"open","ping_status":"closed","template":"","meta":{"_joinchat":[]},"product_brand":[],"product_cat":[267,36,38],"product_tag":[],"class_list":{"0":"post-2164","1":"product","2":"type-product","3":"status-publish","4":"has-post-thumbnail","6":"product_cat-produtos","7":"product_cat-fraldas-absorventes-e-acessorios","8":"product_cat-absorventes","10":"first","11":"instock","12":"shipping-taxable","13":"purchasable","14":"product-type-simple"},"_links":{"self":[{"href":"https:\/\/www.bumbumdepanoeco.com.br\/index.php\/wp-json\/wp\/v2\/product\/2164","targetHints":{"allow":["GET"]}}],"collection":[{"href":"https:\/\/www.bumbumdepanoeco.com.br\/index.php\/wp-json\/wp\/v2\/product"}],"about":[{"href":"https:\/\/www.bumbumdepanoeco.com.br\/index.php\/wp-json\/wp\/v2\/types\/product"}],"replies":[{"embeddable":true,"href":"https:\/\/www.bumbumdepanoeco.com.br\/index.php\/wp-json\/wp\/v2\/comments?post=2164"}],"wp:featuredmedia":[{"embeddable":true,"href":"https:\/\/www.bumbumdepanoeco.com.br\/index.php\/wp-json\/wp\/v2\/media\/1382"}],"wp:attachment":[{"href":"https:\/\/www.bumbumdepanoeco.com.br\/index.php\/wp-json\/wp\/v2\/media?parent=2164"}],"wp:term":[{"taxonomy":"product_brand","embeddable":true,"href":"https:\/\/www.bumbumdepanoeco.com.br\/index.php\/wp-json\/wp\/v2\/product_brand?post=2164"},{"taxonomy":"product_cat","embeddable":true,"href":"https:\/\/www.bumbumdepanoeco.com.br\/index.php\/wp-json\/wp\/v2\/product_cat?post=2164"},{"taxonomy":"product_tag","embeddable":true,"href":"https:\/\/www.bumbumdepanoeco.com.br\/index.php\/wp-json\/wp\/v2\/product_tag?post=2164"}],"curies":[{"name":"wp","href":"https:\/\/api.w.org\/{rel}","templated":true}]}}