{"id":3772,"date":"2023-11-30T16:00:28","date_gmt":"2023-11-30T19:00:28","guid":{"rendered":"https:\/\/www.bumbumdepanoeco.com.br\/?post_type=product&#038;p=3772"},"modified":"2025-07-03T21:32:59","modified_gmt":"2025-07-04T00:32:59","slug":"happy-flute-alto-mar","status":"publish","type":"product","link":"https:\/\/www.bumbumdepanoeco.com.br\/index.php\/product\/happy-flute-alto-mar\/","title":{"rendered":"Happy Flute &#8211; Alto Mar"},"content":{"rendered":"<p style=\"text-align: left;\">Fralda Chinesa de excelente qualidade, vestem de 3,5kg at\u00e9 15kg. Exterior em Pul e interior em Suedine, barreira anti-vazamento em pul na barriga, bot\u00f5es achatados que n\u00e3o machucam.<\/p>\n<blockquote><p>*Absorvente vendido separadamente*<\/p><\/blockquote>\n<p>O Pul \u00e9 um tecido imperme\u00e1vel que faz com que a fralda segure o xixi at\u00e9 4hs durante o dia e de 10hs a 12hs durante a noite com a quantidade de camadas de absorvente suficiente.<\/p>\n<p style=\"text-align: right;\">Podem ser lavadas na m\u00e1quina, nunca use amaciante e nem \u00e1gua acima de 40\u00b0.<\/p>\n","protected":false},"excerpt":{"rendered":"<blockquote><p>Fralda Chinesa de excelente qualidade, vestem de 3,5kg at\u00e9 15kg. Exterior em Pul e interior em Suedine, barreira anti-vazamento em pul na barriga, bot\u00f5es achatados que n\u00e3o machucam.<\/p><\/blockquote>\n<p>*Absorvente vendido separadamente*<\/p>\n","protected":false},"featured_media":3764,"comment_status":"open","ping_status":"closed","template":"","meta":{"_joinchat":[]},"product_brand":[],"product_cat":[35,267,36,247],"product_tag":[],"class_list":{"0":"post-3772","1":"product","2":"type-product","3":"status-publish","4":"has-post-thumbnail","6":"product_cat-ofertas","7":"product_cat-produtos","8":"product_cat-fraldas-absorventes-e-acessorios","9":"product_cat-fraldas-importadas","11":"first","12":"outofstock","13":"sale","14":"shipping-taxable","15":"purchasable","16":"product-type-simple"},"_links":{"self":[{"href":"https:\/\/www.bumbumdepanoeco.com.br\/index.php\/wp-json\/wp\/v2\/product\/3772","targetHints":{"allow":["GET"]}}],"collection":[{"href":"https:\/\/www.bumbumdepanoeco.com.br\/index.php\/wp-json\/wp\/v2\/product"}],"about":[{"href":"https:\/\/www.bumbumdepanoeco.com.br\/index.php\/wp-json\/wp\/v2\/types\/product"}],"replies":[{"embeddable":true,"href":"https:\/\/www.bumbumdepanoeco.com.br\/index.php\/wp-json\/wp\/v2\/comments?post=3772"}],"wp:featuredmedia":[{"embeddable":true,"href":"https:\/\/www.bumbumdepanoeco.com.br\/index.php\/wp-json\/wp\/v2\/media\/3764"}],"wp:attachment":[{"href":"https:\/\/www.bumbumdepanoeco.com.br\/index.php\/wp-json\/wp\/v2\/media?parent=3772"}],"wp:term":[{"taxonomy":"product_brand","embeddable":true,"href":"https:\/\/www.bumbumdepanoeco.com.br\/index.php\/wp-json\/wp\/v2\/product_brand?post=3772"},{"taxonomy":"product_cat","embeddable":true,"href":"https:\/\/www.bumbumdepanoeco.com.br\/index.php\/wp-json\/wp\/v2\/product_cat?post=3772"},{"taxonomy":"product_tag","embeddable":true,"href":"https:\/\/www.bumbumdepanoeco.com.br\/index.php\/wp-json\/wp\/v2\/product_tag?post=3772"}],"curies":[{"name":"wp","href":"https:\/\/api.w.org\/{rel}","templated":true}]}}