{"id":965,"date":"2022-06-08T10:23:40","date_gmt":"2022-06-08T13:23:40","guid":{"rendered":"https:\/\/www.bumbumdepanoeco.com.br\/?post_type=product&#038;p=965"},"modified":"2023-11-21T11:15:45","modified_gmt":"2023-11-21T14:15:45","slug":"lenco-de-higiene-10uni","status":"publish","type":"product","link":"https:\/\/www.bumbumdepanoeco.com.br\/index.php\/product\/lenco-de-higiene-10uni\/","title":{"rendered":"Len\u00e7o de Higiene &#8211; 10uni"},"content":{"rendered":"<p>Kit com 10 unidades.<\/p>\n<p>&nbsp;<\/p>\n<p>Len\u00e7os para limpar o bumbum do beb\u00ea, pode ser umedecido com \u00e1gua morna, ou com nosso fluido de limpeza 100% natural, que al\u00e9m de antif\u00fangico e antibactericida, \u00e9 hidratante, e protege a pela de poss\u00edveis assaduras.<\/p>\n<p>Temos len\u00e7os de Soft, Moletom e Melton, enviaremos mensagem para saber qual a sua prefer\u00eancia, ou deixe um recado para n\u00f3s na finaliza\u00e7\u00e3o da compra.<\/p>\n","protected":false},"excerpt":{"rendered":"<p>Os len\u00e7os de higiene s\u00e3o indicados para substituir o len\u00e7o umedecido, por serem de pano, s\u00e3o reutiliz\u00e1veis e n\u00e3o possuem qu\u00edmicos que agridem a pele do beb\u00ea. Podem ser umedecidos em \u00e1gua morna, ou com nosso fluido de Higiene preparado para higienizar, proteger de assaduras e hidratar a pele do beb\u00ea de forma saud\u00e1vel e natural.<\/p>\n<p>Os len\u00e7os s\u00e3o feitos em moletom, medem aproximadamente 10&#215;19 Macios e reutiliz\u00e1veis podem ser lavados na m\u00e1quina. Contem 10 unidades.<\/p>\n","protected":false},"featured_media":3511,"comment_status":"open","ping_status":"closed","template":"","meta":{"_joinchat":[]},"product_brand":[],"product_cat":[35,267,43,237],"product_tag":[],"class_list":{"0":"post-965","1":"product","2":"type-product","3":"status-publish","4":"has-post-thumbnail","6":"product_cat-ofertas","7":"product_cat-produtos","8":"product_cat-cuidados-naturais","9":"product_cat-acessorios","11":"first","12":"instock","13":"shipping-taxable","14":"purchasable","15":"product-type-simple"},"_links":{"self":[{"href":"https:\/\/www.bumbumdepanoeco.com.br\/index.php\/wp-json\/wp\/v2\/product\/965","targetHints":{"allow":["GET"]}}],"collection":[{"href":"https:\/\/www.bumbumdepanoeco.com.br\/index.php\/wp-json\/wp\/v2\/product"}],"about":[{"href":"https:\/\/www.bumbumdepanoeco.com.br\/index.php\/wp-json\/wp\/v2\/types\/product"}],"replies":[{"embeddable":true,"href":"https:\/\/www.bumbumdepanoeco.com.br\/index.php\/wp-json\/wp\/v2\/comments?post=965"}],"wp:featuredmedia":[{"embeddable":true,"href":"https:\/\/www.bumbumdepanoeco.com.br\/index.php\/wp-json\/wp\/v2\/media\/3511"}],"wp:attachment":[{"href":"https:\/\/www.bumbumdepanoeco.com.br\/index.php\/wp-json\/wp\/v2\/media?parent=965"}],"wp:term":[{"taxonomy":"product_brand","embeddable":true,"href":"https:\/\/www.bumbumdepanoeco.com.br\/index.php\/wp-json\/wp\/v2\/product_brand?post=965"},{"taxonomy":"product_cat","embeddable":true,"href":"https:\/\/www.bumbumdepanoeco.com.br\/index.php\/wp-json\/wp\/v2\/product_cat?post=965"},{"taxonomy":"product_tag","embeddable":true,"href":"https:\/\/www.bumbumdepanoeco.com.br\/index.php\/wp-json\/wp\/v2\/product_tag?post=965"}],"curies":[{"name":"wp","href":"https:\/\/api.w.org\/{rel}","templated":true}]}}