{"id":996,"date":"2022-06-09T12:23:12","date_gmt":"2022-06-09T15:23:12","guid":{"rendered":"https:\/\/www.bumbumdepanoeco.com.br\/?post_type=product&#038;p=996"},"modified":"2023-11-23T20:03:06","modified_gmt":"2023-11-23T23:03:06","slug":"5-absorventes-de-moletom-8-camadas","status":"publish","type":"product","link":"https:\/\/www.bumbumdepanoeco.com.br\/index.php\/product\/5-absorventes-de-moletom-8-camadas\/","title":{"rendered":"5 Absorventes de Moletom 8 camadas"},"content":{"rendered":"<p>Absorvente de \u00f3tima absor\u00e7\u00e3o e boa reten\u00e7\u00e3o, tem 2 camadas costuradas que dobrado em 4 ficam com 8 camadas.<br \/>\nTem toque seco, usados dentro ou fora do bolso n\u00e3o ir\u00e3o incomodar o beb\u00ea.<\/p>\n<p>8 camadas \u00e9 recomendado para uso noturno de 3 meses at\u00e9 8, diurno apartir de 1 anos e quando n\u00e3o segurar mais sozinho \u00e9 preciso refor\u00e7a-lo com 4 ou 6 Camadas, ele pode ser usado em combina\u00e7\u00f5es noturnas com 4, 6, 8 ou mais camadas depende da idade do beb\u00ea.<\/p>\n","protected":false},"excerpt":{"rendered":"<p>Kit com 5 unidades<\/p>\n","protected":false},"featured_media":1176,"comment_status":"open","ping_status":"closed","template":"","meta":{"_joinchat":[]},"product_brand":[],"product_cat":[42,267],"product_tag":[],"class_list":{"0":"post-996","1":"product","2":"type-product","3":"status-publish","4":"has-post-thumbnail","6":"product_cat-kits-promocionais","7":"product_cat-produtos","9":"first","10":"instock","11":"sale","12":"shipping-taxable","13":"purchasable","14":"product-type-simple"},"_links":{"self":[{"href":"https:\/\/www.bumbumdepanoeco.com.br\/index.php\/wp-json\/wp\/v2\/product\/996","targetHints":{"allow":["GET"]}}],"collection":[{"href":"https:\/\/www.bumbumdepanoeco.com.br\/index.php\/wp-json\/wp\/v2\/product"}],"about":[{"href":"https:\/\/www.bumbumdepanoeco.com.br\/index.php\/wp-json\/wp\/v2\/types\/product"}],"replies":[{"embeddable":true,"href":"https:\/\/www.bumbumdepanoeco.com.br\/index.php\/wp-json\/wp\/v2\/comments?post=996"}],"wp:featuredmedia":[{"embeddable":true,"href":"https:\/\/www.bumbumdepanoeco.com.br\/index.php\/wp-json\/wp\/v2\/media\/1176"}],"wp:attachment":[{"href":"https:\/\/www.bumbumdepanoeco.com.br\/index.php\/wp-json\/wp\/v2\/media?parent=996"}],"wp:term":[{"taxonomy":"product_brand","embeddable":true,"href":"https:\/\/www.bumbumdepanoeco.com.br\/index.php\/wp-json\/wp\/v2\/product_brand?post=996"},{"taxonomy":"product_cat","embeddable":true,"href":"https:\/\/www.bumbumdepanoeco.com.br\/index.php\/wp-json\/wp\/v2\/product_cat?post=996"},{"taxonomy":"product_tag","embeddable":true,"href":"https:\/\/www.bumbumdepanoeco.com.br\/index.php\/wp-json\/wp\/v2\/product_tag?post=996"}],"curies":[{"name":"wp","href":"https:\/\/api.w.org\/{rel}","templated":true}]}}